{"id":326,"date":"2023-08-25T16:21:49","date_gmt":"2023-08-25T16:21:49","guid":{"rendered":"https:\/\/abogadosconsulting.es\/declaracio-daccessibilitat\/"},"modified":"2023-09-06T08:15:08","modified_gmt":"2023-09-06T08:15:08","slug":"declaracio-daccessibilitat","status":"publish","type":"page","link":"https:\/\/abogadosconsulting.es\/ca\/declaracio-daccessibilitat\/","title":{"rendered":"Declaraci\u00f3 d&#8217;accessibilitat"},"content":{"rendered":"\n<p>CONSULTING I GESTIO GLOBAL SL s&#8217;ha comprom\u00e8s a fer accessible el vostre lloc web, de conformitat amb el Reial Decret 1112\/2018, de 7 de setembre, sobre accessibilitat dels llocs web i aplicacions per a dispositius m\u00f2bils del sector p\u00fablic.<\/p>\n\n<p>Aquesta declaraci\u00f3 d&#8217;accessibilitat s&#8217;aplica al lloc web https:\/\/abogadosconsulting.es:<\/p>\n\n<p>Situaci\u00f3 de compliment<br\/>Aquest lloc web \u00e9s conforme amb el RD 1112\/2018 a causa dels aspectes que es declaren a continuaci\u00f3:<\/p>\n\n<p><strong>Contingut no accessible<\/strong><br\/>No aplica<\/p>\n\n<p><strong>Manca de conformitat amb el RD 1112\/2018<\/strong><br\/>No aplica<\/p>\n\n<p><strong>C\u00e0rrega desproporcionada<\/strong><br\/>No aplica.<\/p>\n\n<p><strong>El contingut no entra dins de l&#8217;\u00e0mbit de la legislaci\u00f3 aplicable<\/strong><br\/>Podrien existir fitxers ofim\u00e0tics en PDF o altres formats publicats abans del 03 d&#8217;abril de 2023 que no compleixin \u00edntegrament tots els requisits d&#8217;accessibilitat. Tot i que a data actual es compleixen amb totalitat.<\/p>\n\n<p>Aquesta declaraci\u00f3 va ser preparada el 07 d&#8217;agost de 2023.<\/p>\n\n<p>El m\u00e8tode emprat per preparar la declaraci\u00f3 ha estat una autoavaluaci\u00f3 duta a terme pel webmaster Cristian Caballero Santos.<\/p>\n\n<p>Observacions i dades de contacte<br\/>Podeu realitzar comunicacions sobre requisits d&#8217;accessibilitat (article 10.2.a del RD 1112\/2018) com ara:<\/p>\n\n<p>Informar sobre qualsevol possible incompliment per part d&#8217;aquest lloc web<br\/>Transmetre altres dificultats d&#8217;acc\u00e9s al contingut<br\/>Formular qualsevol altra consulta o suggeriment de millora relativa a l&#8217;accessibilitat del lloc web<br\/>a trav\u00e9s del formulari de contacte d&#8217;aquest lloc web oa trav\u00e9s del n\u00famero de tel\u00e8fon (+34) 936 720 568<\/p>\n\n<p>Podeu presentar:<\/p>\n\n<p>Queixa relativa al compliment dels requisits del RD 1112\/2018 o<br\/>Sol\u00b7licitud d&#8217;informaci\u00f3 accessible relativa a:<br\/>Continguts que estan exclosos de l\u00e0mbit daplicaci\u00f3 del RD 1112\/2018 segons el que estableix larticle 3, apartat 4<br\/>Continguts que estan exempts del compliment dels requisits d&#8217;accessibilitat per imposar una c\u00e0rrega desproporcionada<br\/>A la Sol\u00b7licitud d&#8217;informaci\u00f3 accessible, cal concretar, amb tota claredat, els fets, les raons i la petici\u00f3 que permetin constatar que es tracta d&#8217;una sol\u00b7licitud raonable i leg\u00edtima.<\/p>\n\n<p>Les queixes i les reclamacions sobre informaci\u00f3 accessible es realitzaran a trav\u00e9s del web (https:\/\/abogadosconsulting.es\/contacta\/), i seran rebudes i tractades per l&#8217;\u00e0rea de Sistemes de la Informaci\u00f3 d&#8217;advocats consulting<\/p>\n\n<p><strong>T\u00cdTOLS<\/strong>:<\/p>\n\n<p>Totes les p\u00e0gines estan amb el t\u00edtol identificatiu, a m\u00e9s descriu la p\u00e0gina, \u00e9s breu i \u00fanic.<br\/><\/p>\n\n<p>ENCAP\u00c7ALATS:<\/p>\n\n<p>Totes les cap\u00e7aleres segueixen un ordre, marquen l&#8217;estructura del document<br\/>Estan ben definits<br\/><\/p>\n\n<p>IMATGES:<\/p>\n\n<p>Totes les imatges tenen text alternatiu:<br\/>Tots els textos s\u00f3n funcionals i estan escrits segons el context<br\/><\/p>\n\n<p>CONTRAST DE COLOR:<\/p>\n\n<p>S&#8217;han utilitzat colors amb contrastos de 7.51.1 en blanc sobre granat i 21:1 en blanc sobre negre<\/p>\n\n<p>granat: #913730<\/p>\n\n<p>negre: #000000<\/p>\n\n<p>gris: #697271<br\/>REESCALAR TEXT<\/p>\n\n<p>Todo el text augmenta<br\/>No desapareix<br\/>No es superposa<br\/>Botons, camps, controls s\u00f3n visibles i usables<br\/>No apareix scroll horitzontal<br\/>ACC\u00c9S PER TECLAT I FOCUS VISIBLE<\/p>\n\n<p>Podem arribar a tots els elements per teclat<br\/>No hi ha trampes de teclat<br\/>Que l&#8217;ordre del focus segueix l&#8217;ordre de lectura<br\/>FORMULARIS<\/p>\n\n<p>Ben etiquetat<br\/>Navegable per teclat<br\/>Instruccions clares<br\/>Gesti\u00f3 dels errors<br\/>Ajuda a l&#8217;usuari<br\/>CONTINGUT EN MOVIMENT:<\/p>\n\n<p>Moviments, centelleigs, parpelleigs, etc\u2026 no existeixen<br\/>No hi ha m\u00e9s moviments<br\/>ALTERNATIVES AL MULTIM\u00c8DIA<\/p>\n\n<p>No hi ha alternatives en \u00e0udio o v\u00eddeo.<br\/>COMPROVAR L&#8217;ESTRUCTURA<\/p>\n\n<p>La informaci\u00f3 t\u00e9 sentit<br\/>L&#8217;ordre dels blocs \u00e9s adequat<br\/>Aquest portal est\u00e0 dissenyat per poder canviar la mida del text i el color, aix\u00ed com el fons de la p\u00e0gina mitjan\u00e7ant les opcions de configuraci\u00f3 est\u00e0ndard dels navegadors.<\/p>\n\n<p>Si voleu canviar la mida de lletra del text als principals navegadors gr\u00e0fics utilitzeu els men\u00fas seg\u00fcents:<\/p>\n\n<p>Internet Explorer, Mozilla y Firefox: Veure &gt; Tamany del text<br\/>Opera: Veure &gt; Zoom<br\/>Safari: Veure &gt; Fer el text m\u00e9s gran<br\/>Chrome: Controla la p\u00e0gina actual &gt; Tamany del text<br\/>Per modificar el tamany de tot a la p\u00e0gina:<br\/>Ctrl + + para augmentar-lo<br\/>Ctrl + \u2013 para disminuir<br\/>Ctrl + 0 restaura la mida original del text<br\/>Si el que voleu \u00e9s anul\u00b7lar el full d&#8217;estils o modificar el color del text, podeu consultar la p\u00e0gina How to Change Text Size or Colors de la WAI, que es pot llegir tradu\u00eft a l&#8217;espanyol a Com canviar la mida del text o colors?<\/p>\n","protected":false},"excerpt":{"rendered":"<p>CONSULTING I GESTIO GLOBAL SL s&#8217;ha comprom\u00e8s a fer accessible el vostre lloc web, de conformitat amb el Reial Decret 1112\/2018, de 7 de setembre, sobre accessibilitat dels llocs web i aplicacions per a dispositius m\u00f2bils del sector p\u00fablic. Aquesta declaraci\u00f3 d&#8217;accessibilitat s&#8217;aplica al lloc web https:\/\/abogadosconsulting.es: Situaci\u00f3 de complimentAquest lloc web \u00e9s conforme amb &#8230; <a title=\"Declaraci\u00f3 d&#8217;accessibilitat\" class=\"read-more\" href=\"https:\/\/abogadosconsulting.es\/ca\/declaracio-daccessibilitat\/\" aria-label=\"M\u00e9s informaci\u00f3 sobre Declaraci\u00f3 d&#8217;accessibilitat\">Leer m\u00e1s<\/a><\/p>\n","protected":false},"author":1,"featured_media":0,"parent":0,"menu_order":0,"comment_status":"closed","ping_status":"closed","template":"","meta":{"_kad_blocks_custom_css":"","_kad_blocks_head_custom_js":"","_kad_blocks_body_custom_js":"","_kad_blocks_footer_custom_js":"","footnotes":""},"class_list":["post-326","page","type-page","status-publish"],"taxonomy_info":[],"featured_image_src_large":false,"author_info":{"display_name":"cristian","author_link":"https:\/\/abogadosconsulting.es\/ca\/author\/cristian\/"},"comment_info":0,"_links":{"self":[{"href":"https:\/\/abogadosconsulting.es\/ca\/wp-json\/wp\/v2\/pages\/326","targetHints":{"allow":["GET"]}}],"collection":[{"href":"https:\/\/abogadosconsulting.es\/ca\/wp-json\/wp\/v2\/pages"}],"about":[{"href":"https:\/\/abogadosconsulting.es\/ca\/wp-json\/wp\/v2\/types\/page"}],"author":[{"embeddable":true,"href":"https:\/\/abogadosconsulting.es\/ca\/wp-json\/wp\/v2\/users\/1"}],"replies":[{"embeddable":true,"href":"https:\/\/abogadosconsulting.es\/ca\/wp-json\/wp\/v2\/comments?post=326"}],"version-history":[{"count":1,"href":"https:\/\/abogadosconsulting.es\/ca\/wp-json\/wp\/v2\/pages\/326\/revisions"}],"predecessor-version":[{"id":327,"href":"https:\/\/abogadosconsulting.es\/ca\/wp-json\/wp\/v2\/pages\/326\/revisions\/327"}],"wp:attachment":[{"href":"https:\/\/abogadosconsulting.es\/ca\/wp-json\/wp\/v2\/media?parent=326"}],"curies":[{"name":"wp","href":"https:\/\/api.w.org\/{rel}","templated":true}]}}

Declaració d&#8217;accessibilitat

<p>CONSULTING I GESTIO GLOBAL SL s&#8217;ha compromès a fer accessible el vostre lloc web, de conformitat amb el Reial Decret 1112/2018, de 7 de setembre, sobre accessibilitat dels llocs web i aplicacions per a dispositius mòbils del sector públic.</p>

<p>Aquesta declaració d&#8217;accessibilitat s&#8217;aplica al lloc web https://abogadosconsulting.es:</p>

<p>Situació de compliment<br/>Aquest lloc web és conforme amb el RD 1112/2018 a causa dels aspectes que es declaren a continuació:</p>

<p><strong>Contingut no accessible</strong><br/>No aplica</p>

<p><strong>Manca de conformitat amb el RD 1112/2018</strong><br/>No aplica</p>

<p><strong>Càrrega desproporcionada</strong><br/>No aplica.</p>

<p><strong>El contingut no entra dins de l&#8217;àmbit de la legislació aplicable</strong><br/>Podrien existir fitxers ofimàtics en PDF o altres formats publicats abans del 03 d&#8217;abril de 2023 que no compleixin íntegrament tots els requisits d&#8217;accessibilitat. Tot i que a data actual es compleixen amb totalitat.</p>

<p>Aquesta declaració va ser preparada el 07 d&#8217;agost de 2023.</p>

<p>El mètode emprat per preparar la declaració ha estat una autoavaluació duta a terme pel webmaster Cristian Caballero Santos.</p>

<p>Observacions i dades de contacte<br/>Podeu realitzar comunicacions sobre requisits d&#8217;accessibilitat (article 10.2.a del RD 1112/2018) com ara:</p>

<p>Informar sobre qualsevol possible incompliment per part d&#8217;aquest lloc web<br/>Transmetre altres dificultats d&#8217;accés al contingut<br/>Formular qualsevol altra consulta o suggeriment de millora relativa a l&#8217;accessibilitat del lloc web<br/>a través del formulari de contacte d&#8217;aquest lloc web oa través del número de telèfon (+34) 936 720 568</p>

<p>Podeu presentar:</p>

<p>Queixa relativa al compliment dels requisits del RD 1112/2018 o<br/>Sol·licitud d&#8217;informació accessible relativa a:<br/>Continguts que estan exclosos de làmbit daplicació del RD 1112/2018 segons el que estableix larticle 3, apartat 4<br/>Continguts que estan exempts del compliment dels requisits d&#8217;accessibilitat per imposar una càrrega desproporcionada<br/>A la Sol·licitud d&#8217;informació accessible, cal concretar, amb tota claredat, els fets, les raons i la petició que permetin constatar que es tracta d&#8217;una sol·licitud raonable i legítima.</p>

<p>Les queixes i les reclamacions sobre informació accessible es realitzaran a través del web (https://abogadosconsulting.es/contacta/), i seran rebudes i tractades per l&#8217;àrea de Sistemes de la Informació d&#8217;advocats consulting</p>

<p><strong>TÍTOLS</strong>:</p>

<p>Totes les pàgines estan amb el títol identificatiu, a més descriu la pàgina, és breu i únic.<br/></p>

<p>ENCAPÇALATS:</p>

<p>Totes les capçaleres segueixen un ordre, marquen l&#8217;estructura del document<br/>Estan ben definits<br/></p>

<p>IMATGES:</p>

<p>Totes les imatges tenen text alternatiu:<br/>Tots els textos són funcionals i estan escrits segons el context<br/></p>

<p>CONTRAST DE COLOR:</p>

<p>S&#8217;han utilitzat colors amb contrastos de 7.51.1 en blanc sobre granat i 21:1 en blanc sobre negre</p>

<p>granat: #913730</p>

<p>negre: #000000</p>

<p>gris: #697271<br/>REESCALAR TEXT</p>

<p>Todo el text augmenta<br/>No desapareix<br/>No es superposa<br/>Botons, camps, controls són visibles i usables<br/>No apareix scroll horitzontal<br/>ACCÉS PER TECLAT I FOCUS VISIBLE</p>

<p>Podem arribar a tots els elements per teclat<br/>No hi ha trampes de teclat<br/>Que l&#8217;ordre del focus segueix l&#8217;ordre de lectura<br/>FORMULARIS</p>

<p>Ben etiquetat<br/>Navegable per teclat<br/>Instruccions clares<br/>Gestió dels errors<br/>Ajuda a l&#8217;usuari<br/>CONTINGUT EN MOVIMENT:</p>

<p>Moviments, centelleigs, parpelleigs, etc… no existeixen<br/>No hi ha més moviments<br/>ALTERNATIVES AL MULTIMÈDIA</p>

<p>No hi ha alternatives en àudio o vídeo.<br/>COMPROVAR L&#8217;ESTRUCTURA</p>

<p>La informació té sentit<br/>L&#8217;ordre dels blocs és adequat<br/>Aquest portal està dissenyat per poder canviar la mida del text i el color, així com el fons de la pàgina mitjançant les opcions de configuració estàndard dels navegadors.</p>

<p>Si voleu canviar la mida de lletra del text als principals navegadors gràfics utilitzeu els menús següents:</p>

<p>Internet Explorer, Mozilla y Firefox: Veure &gt; Tamany del text<br/>Opera: Veure &gt; Zoom<br/>Safari: Veure &gt; Fer el text més gran<br/>Chrome: Controla la pàgina actual &gt; Tamany del text<br/>Per modificar el tamany de tot a la pàgina:<br/>Ctrl + + para augmentar-lo<br/>Ctrl + – para disminuir<br/>Ctrl + 0 restaura la mida original del text<br/>Si el que voleu és anul·lar el full d&#8217;estils o modificar el color del text, podeu consultar la pàgina How to Change Text Size or Colors de la WAI, que es pot llegir traduït a l&#8217;espanyol a Com canviar la mida del text o colors?</p>

<p>CONSULTING I GESTIO GLOBAL SL s&#8217;ha compromès a fer accessible el vostre lloc web, de conformitat amb el Reial Decret 1112/2018, de 7 de setembre, sobre accessibilitat dels llocs web i aplicacions per a dispositius mòbils del sector públic. Aquesta declaració d&#8217;accessibilitat s&#8217;aplica al lloc web https://abogadosconsulting.es: Situació de complimentAquest lloc web és conforme amb &#8230; <a title="Declaració d&#8217;accessibilitat" class="read-more" href="https://abogadosconsulting.es/ca/declaracio-daccessibilitat/" aria-label="Més informació sobre Declaració d&#8217;accessibilitat">Leer más</a></p>
